{"id":260,"date":"2021-06-29T17:30:29","date_gmt":"2021-06-29T17:30:29","guid":{"rendered":"https:\/\/dreiweihern.ch\/?page_id=260"},"modified":"2023-07-05T18:46:48","modified_gmt":"2023-07-05T16:46:48","slug":"mitgestalter","status":"publish","type":"page","link":"https:\/\/familientreff-sg.ch\/?page_id=260","title":{"rendered":"Mitorganisator*in"},"content":{"rendered":"\n<p>Du organisierst f\u00fcr den Familientreff einen Anlass und erh\u00e4ltst dabei von uns die Unterst\u00fctzung im Bereich der Finanzen, Werbung, Netzwerke und eine Checkliste f\u00fcr die&nbsp;Organisation deines&nbsp;Anlasses.<\/p>\n\n\n\n<h4 class=\"wp-block-heading\"><strong>Vor&nbsp;dem&nbsp;Anlass<\/strong><\/h4>\n\n\n\n<h5 class=\"wp-block-heading\">\u00d6rtlichkeit&nbsp;fr\u00fchzeitig&nbsp;reservieren<\/h5>\n\n\n\n<p>Oase und\u00a0Pfadibude\u00a0\u00a0\u00a0\u00a0\u00a0\u00a0\u00a0\u00a0Reservation\u00a0an\u00a0kath.\u00a0Pfarramt\/Sekretariat\u00a0071 \u00a0222\u00a060\u00a062<\/p>\n\n\n\n<p>(Mesmer:\u00a0David Domgjoni 079 392 00 49)<\/p>\n\n\n\n<p>Evangelisches\u00a0KGH\u00a0\u00a0\u00a0\u00a0\u00a0\u00a0\u00a0\u00a0\u00a0\u00a0Reservation an\u00a0Sekretariat\u00a0071\u00a0\u00a0242\u00a070\u00a060<\/p>\n\n\n\n<p>(Mesmer: Emil\u00a0Minikus\u00a0071\u00a0\u00a0222\u00a064\u00a071)<\/p>\n\n\n\n<h5 class=\"wp-block-heading\">Kostenbeteiligung&nbsp;durch&nbsp;Familientreff&nbsp;Kassiererin&nbsp;kontaktieren<\/h5>\n\n\n\n<p><a href=\"mailto:janine.riguzzi@familientreff-sg.ch\">janine.riguzzi@familientreff-sg.ch,&nbsp;<\/a>079&nbsp;632&nbsp;30&nbsp;34<\/p>\n\n\n\n<p>(Kinderanl\u00e4sse werden teils durch die \u201ekath. Stiftung St. Georgen f\u00fcr Kinder- und&nbsp;Jugendarbeit\u201cfinanziell unterst\u00fctzt)<\/p>\n\n\n\n<h5 class=\"wp-block-heading\">Text&nbsp;an&nbsp;Redaktion&nbsp;Familientreff&nbsp;mailen<\/h5>\n\n\n\n<p>wird&nbsp;in&nbsp;Quartierzeitung&nbsp;\u201eSt.&nbsp;Ge\u00f6rglerzytig\u201c&nbsp;publiziert,&nbsp;die&nbsp;4xj\u00e4hrlich&nbsp;erscheint<\/p>\n\n\n\n<p>15.&nbsp;M\u00e4rz-Ausgabe&nbsp;&nbsp;&nbsp;&nbsp;&nbsp;&nbsp;&nbsp;&nbsp;&nbsp;&nbsp;&nbsp;bis sp\u00e4testens&nbsp;25.&nbsp;Januar<\/p>\n\n\n\n<p>15.&nbsp;Juni-Ausgabe&nbsp;&nbsp;&nbsp;&nbsp;&nbsp;&nbsp;&nbsp;&nbsp;&nbsp;&nbsp;&nbsp;&nbsp;bis sp\u00e4testens&nbsp;25.&nbsp;April<\/p>\n\n\n\n<p>15. September-Ausgabe&nbsp;bis sp\u00e4testens&nbsp;25.&nbsp;Juni<\/p>\n\n\n\n<p>1. Dezember-Ausgabe&nbsp;bis sp\u00e4testens&nbsp;25.&nbsp;September<\/p>\n\n\n\n<p>Bei Fragen oder kurzfristigen Anl\u00e4ssen bitte Redaktion kontaktieren: <br><a href=\"mailto:maja.martitsch-kreiner@familientreff-sg.ch\">maja.martitsch-kreiner@familientreff-sg.ch,<\/a> 079 506 19 76<\/p>\n\n\n\n<h5 class=\"wp-block-heading\">eventuell&nbsp;Gratisinserat&nbsp;an St.&nbsp;Galler&nbsp;Tagblatt&nbsp;einreichen&nbsp;an<\/h5>\n\n\n\n<p>St.&nbsp;Galler&nbsp;Tagblatt&nbsp;AG,&nbsp;F\u00fcrstenlandstrasse&nbsp;122,&nbsp;071&nbsp;272&nbsp;78&nbsp;88<\/p>\n\n\n\n<ul class=\"wp-block-list\">\n<li>bei Bedarf k\u00f6nnt ihr Helfer\/-innen anhand der Familientreff-&nbsp;Adressliste&nbsp;umUnterst\u00fctzung&nbsp;bitten<\/li>\n<\/ul>\n\n\n\n<ul class=\"wp-block-list\">\n<li>beim Erstellen von Flyern oder Plakaten einen Vermerk zu Fotos&nbsp;notieren&nbsp;(z.B. Bei&nbsp;demAnlass&nbsp;werden&nbsp;Fotos&nbsp;gemacht.&nbsp;Sofern&nbsp;Ihr&nbsp;Kind&nbsp;nicht ersichtlich sein darf, so melden Sie mir dies bitte. Herzlichen&nbsp;Dank.)<\/li>\n<\/ul>\n\n\n\n<h4 class=\"wp-block-heading\">Anlass<\/h4>\n\n\n\n<p>Toll w\u00e4re es, wenn ihr Fotos macht und diese, allenfalls sogar mit einem kleinen Bericht erg\u00e4nzt, an&nbsp;den Webmaster f\u00fcr unsere Homepage,&nbsp;<a href=\"mailto:webmaster@familientreff-sg.ch\">webmaster@familientreff-sg.ch,&nbsp;<\/a>und unsere Redaktion&nbsp;weiterleitet<\/p>\n\n\n\n<h4 class=\"wp-block-heading\">Nach&nbsp;dem Anlass<\/h4>\n\n\n\n<p>Abrechnung&nbsp;mit&nbsp;Belegen&nbsp;und&nbsp;IBAN&nbsp;an&nbsp;Kassiererin,&nbsp;Janine&nbsp;Riguzzi<\/p>\n\n\n\n<hr class=\"wp-block-separator has-text-color has-luminous-vivid-amber-color has-css-opacity has-luminous-vivid-amber-background-color has-background is-style-default\"\/>\n\n\n\n<p>Bei&nbsp;allgemeinen&nbsp;Fragen&nbsp;steht&nbsp;euch&nbsp;der&nbsp;Vorstand&nbsp;gerne&nbsp;zur&nbsp;Verf\u00fcgung.<\/p>\n\n\n\n<p><strong>Herzlichen&nbsp;Dank&nbsp;f\u00fcr&nbsp;dein&nbsp;Organisieren<\/strong><\/p>\n\n\n<div class=\"vlp-link-container vlp-layout-basic wp-block-visual-link-preview-link\"><a href=\"https:\/\/dreiweihern.ch\/wp-content\/uploads\/2021\/06\/Checkliste-fuer-Organisation-eines-Anlasses.pdf\" class=\"vlp-link\" title=\"Checkliste-fuer-Organisation-eines-Anlasses.pdf\" rel=\"nofollow\" target=\"_blank\"><\/a><div class=\"vlp-layout-zone-main\"><div class=\"vlp-block-0 vlp-link-title\">Checkliste-fuer-Organisation-eines-Anlasses.pdf<\/div><\/div><\/div>\n\n\n<p><\/p>\n","protected":false},"excerpt":{"rendered":"<p>Du organisierst f\u00fcr den Familientreff einen Anlass und erh\u00e4ltst dabei [&hellip;]<\/p>\n","protected":false},"author":1,"featured_media":0,"parent":0,"menu_order":0,"comment_status":"closed","ping_status":"closed","template":"","meta":{"ngg_post_thumbnail":0,"footnotes":""},"class_list":["post-260","page","type-page","status-publish","hentry"],"_links":{"self":[{"href":"https:\/\/familientreff-sg.ch\/index.php?rest_route=\/wp\/v2\/pages\/260","targetHints":{"allow":["GET"]}}],"collection":[{"href":"https:\/\/familientreff-sg.ch\/index.php?rest_route=\/wp\/v2\/pages"}],"about":[{"href":"https:\/\/familientreff-sg.ch\/index.php?rest_route=\/wp\/v2\/types\/page"}],"author":[{"embeddable":true,"href":"https:\/\/familientreff-sg.ch\/index.php?rest_route=\/wp\/v2\/users\/1"}],"replies":[{"embeddable":true,"href":"https:\/\/familientreff-sg.ch\/index.php?rest_route=%2Fwp%2Fv2%2Fcomments&post=260"}],"version-history":[{"count":20,"href":"https:\/\/familientreff-sg.ch\/index.php?rest_route=\/wp\/v2\/pages\/260\/revisions"}],"predecessor-version":[{"id":6138,"href":"https:\/\/familientreff-sg.ch\/index.php?rest_route=\/wp\/v2\/pages\/260\/revisions\/6138"}],"wp:attachment":[{"href":"https:\/\/familientreff-sg.ch\/index.php?rest_route=%2Fwp%2Fv2%2Fmedia&parent=260"}],"curies":[{"name":"wp","href":"https:\/\/api.w.org\/{rel}","templated":true}]}}

<p>Du organisierst für den Familientreff einen Anlass und erhältst dabei von uns die Unterstützung im Bereich der Finanzen, Werbung, Netzwerke und eine Checkliste für die&nbsp;Organisation deines&nbsp;Anlasses.</p>



<h4 class="wp-block-heading"><strong>Vor&nbsp;dem&nbsp;Anlass</strong></h4>



<h5 class="wp-block-heading">Örtlichkeit&nbsp;frühzeitig&nbsp;reservieren</h5>



<p>Oase und Pfadibude        Reservation an kath. Pfarramt/Sekretariat 071  222 60 62</p>



<p>(Mesmer: David Domgjoni 079 392 00 49)</p>



<p>Evangelisches KGH          Reservation an Sekretariat 071  242 70 60</p>



<p>(Mesmer: Emil Minikus 071  222 64 71)</p>



<h5 class="wp-block-heading">Kostenbeteiligung&nbsp;durch&nbsp;Familientreff&nbsp;Kassiererin&nbsp;kontaktieren</h5>



<p><a href="mailto:janine.riguzzi@familientreff-sg.ch">janine.riguzzi@familientreff-sg.ch,&nbsp;</a>079&nbsp;632&nbsp;30&nbsp;34</p>



<p>(Kinderanlässe werden teils durch die „kath. Stiftung St. Georgen für Kinder- und&nbsp;Jugendarbeit“finanziell unterstützt)</p>



<h5 class="wp-block-heading">Text&nbsp;an&nbsp;Redaktion&nbsp;Familientreff&nbsp;mailen</h5>



<p>wird&nbsp;in&nbsp;Quartierzeitung&nbsp;„St.&nbsp;Geörglerzytig“&nbsp;publiziert,&nbsp;die&nbsp;4xjährlich&nbsp;erscheint</p>



<p>15.&nbsp;März-Ausgabe&nbsp;&nbsp;&nbsp;&nbsp;&nbsp;&nbsp;&nbsp;&nbsp;&nbsp;&nbsp;&nbsp;bis spätestens&nbsp;25.&nbsp;Januar</p>



<p>15.&nbsp;Juni-Ausgabe&nbsp;&nbsp;&nbsp;&nbsp;&nbsp;&nbsp;&nbsp;&nbsp;&nbsp;&nbsp;&nbsp;&nbsp;bis spätestens&nbsp;25.&nbsp;April</p>



<p>15. September-Ausgabe&nbsp;bis spätestens&nbsp;25.&nbsp;Juni</p>



<p>1. Dezember-Ausgabe&nbsp;bis spätestens&nbsp;25.&nbsp;September</p>



<p>Bei Fragen oder kurzfristigen Anlässen bitte Redaktion kontaktieren: <br><a href="mailto:maja.martitsch-kreiner@familientreff-sg.ch">maja.martitsch-kreiner@familientreff-sg.ch,</a> 079 506 19 76</p>



<h5 class="wp-block-heading">eventuell&nbsp;Gratisinserat&nbsp;an St.&nbsp;Galler&nbsp;Tagblatt&nbsp;einreichen&nbsp;an</h5>



<p>St.&nbsp;Galler&nbsp;Tagblatt&nbsp;AG,&nbsp;Fürstenlandstrasse&nbsp;122,&nbsp;071&nbsp;272&nbsp;78&nbsp;88</p>



<ul class="wp-block-list">
<li>bei Bedarf könnt ihr Helfer/-innen anhand der Familientreff-&nbsp;Adressliste&nbsp;umUnterstützung&nbsp;bitten</li>
</ul>



<ul class="wp-block-list">
<li>beim Erstellen von Flyern oder Plakaten einen Vermerk zu Fotos&nbsp;notieren&nbsp;(z.B. Bei&nbsp;demAnlass&nbsp;werden&nbsp;Fotos&nbsp;gemacht.&nbsp;Sofern&nbsp;Ihr&nbsp;Kind&nbsp;nicht ersichtlich sein darf, so melden Sie mir dies bitte. Herzlichen&nbsp;Dank.)</li>
</ul>



<h4 class="wp-block-heading">Anlass</h4>



<p>Toll wäre es, wenn ihr Fotos macht und diese, allenfalls sogar mit einem kleinen Bericht ergänzt, an&nbsp;den Webmaster für unsere Homepage,&nbsp;<a href="mailto:webmaster@familientreff-sg.ch">webmaster@familientreff-sg.ch,&nbsp;</a>und unsere Redaktion&nbsp;weiterleitet</p>



<h4 class="wp-block-heading">Nach&nbsp;dem Anlass</h4>



<p>Abrechnung&nbsp;mit&nbsp;Belegen&nbsp;und&nbsp;IBAN&nbsp;an&nbsp;Kassiererin,&nbsp;Janine&nbsp;Riguzzi</p>



<hr class="wp-block-separator has-text-color has-luminous-vivid-amber-color has-css-opacity has-luminous-vivid-amber-background-color has-background is-style-default"/>



<p>Bei&nbsp;allgemeinen&nbsp;Fragen&nbsp;steht&nbsp;euch&nbsp;der&nbsp;Vorstand&nbsp;gerne&nbsp;zur&nbsp;Verfügung.</p>



<p><strong>Herzlichen&nbsp;Dank&nbsp;für&nbsp;dein&nbsp;Organisieren</strong></p>


<div class="vlp-link-container vlp-layout-basic wp-block-visual-link-preview-link"><a href="https://dreiweihern.ch/wp-content/uploads/2021/06/Checkliste-fuer-Organisation-eines-Anlasses.pdf" class="vlp-link" title="Checkliste-fuer-Organisation-eines-Anlasses.pdf" rel="nofollow" target="_blank"></a><div class="vlp-layout-zone-main"><div class="vlp-block-0 vlp-link-title">Checkliste-fuer-Organisation-eines-Anlasses.pdf</div></div></div>


<p></p>

<p>Du organisierst für den Familientreff einen Anlass und erhältst dabei [&hellip;]</p>
